{"id":5,"date":"2015-06-11T16:37:33","date_gmt":"2015-06-11T16:37:33","guid":{"rendered":"http:\/\/avazon.net\/site\/?page_id=5"},"modified":"2015-09-23T16:29:54","modified_gmt":"2015-09-23T19:29:54","slug":"empresa","status":"publish","type":"page","link":"https:\/\/avazon.net\/site\/empresa\/","title":{"rendered":"Empresa"},"content":{"rendered":"<p style=\"text-align: justify;\">AVAZON redesenha autos, pick-ups, jipes, m\u00f3veis e objetos, al\u00e9m de construir a garagem de seus sonhos!<\/p>\n<p style=\"text-align: justify;\">www.AVAZON.net<\/p>\n<p style=\"text-align: justify;\">N\u00f3s desenvolvemos e recriamos carros, pick ups, jipes e m\u00f3veis, pois acreditamos que nossos desejos devem se realizar. \u00c0s vezes, pequenos detalhes fazem toda a diferen\u00e7a. Curta e siga nossa p\u00e1gina. E nos chame para concretizar seu projeto, em qualquer lugar do Mundo!<\/p>\n<p style=\"text-align: justify;\">AVAZON redesigns cars, pickups, jeeps, furniture and objects, in addition to building the garage of your dreams!<\/p>\n<p style=\"text-align: justify;\">www.AVAZON.net<\/p>\n<p style=\"text-align: justify;\">We develop and recreate cars, pickups, jeeps and furniture, because we believe our wishes should come true. Some times the small details make all the difference. Like and follow our Facebook page. Call us to fulfill your project, anywhere in the world!<\/p>\n","protected":false},"excerpt":{"rendered":"<p>AVAZON redesenha autos, pick-ups, jipes, m\u00f3veis e objetos, al\u00e9m de construir a garagem de seus sonhos! www.AVAZON.net N\u00f3s desenvolvemos e recriamos carros, pick ups, jipes e m\u00f3veis, pois acreditamos que nossos desejos devem se realizar. \u00c0s vezes, pequenos detalhes fazem toda a diferen\u00e7a. Curta e siga nossa p\u00e1gina. E nos chame para concretizar seu projeto, [&hellip;]<\/p>\n","protected":false},"author":1,"featured_media":0,"parent":0,"menu_order":0,"comment_status":"open","ping_status":"open","template":"","meta":{"ngg_post_thumbnail":0},"yoast_head":"<!-- This site is optimized with the Yoast SEO plugin v19.4 - https:\/\/yoast.com\/wordpress\/plugins\/seo\/ -->\n<title>Empresa - Avazon<\/title>\n<meta name=\"robots\" content=\"index, follow, max-snippet:-1, max-image-preview:large, max-video-preview:-1\" \/>\n<link rel=\"canonical\" href=\"https:\/\/avazon.net\/site\/empresa\/\" \/>\n<meta property=\"og:locale\" content=\"pt_BR\" \/>\n<meta property=\"og:type\" content=\"article\" \/>\n<meta property=\"og:title\" content=\"Empresa - Avazon\" \/>\n<meta property=\"og:description\" content=\"AVAZON redesenha autos, pick-ups, jipes, m\u00f3veis e objetos, al\u00e9m de construir a garagem de seus sonhos! www.AVAZON.net N\u00f3s desenvolvemos e recriamos carros, pick ups, jipes e m\u00f3veis, pois acreditamos que nossos desejos devem se realizar. \u00c0s vezes, pequenos detalhes fazem toda a diferen\u00e7a. Curta e siga nossa p\u00e1gina. E nos chame para concretizar seu projeto, [&hellip;]\" \/>\n<meta property=\"og:url\" content=\"https:\/\/avazon.net\/site\/empresa\/\" \/>\n<meta property=\"og:site_name\" content=\"Avazon\" \/>\n<meta property=\"article:modified_time\" content=\"2015-09-23T19:29:54+00:00\" \/>\n<meta name=\"twitter:card\" content=\"summary\" \/>\n<meta name=\"twitter:label1\" content=\"Est. tempo de leitura\" \/>\n\t<meta name=\"twitter:data1\" content=\"1 minuto\" \/>\n<script type=\"application\/ld+json\" class=\"yoast-schema-graph\">{\"@context\":\"https:\/\/schema.org\",\"@graph\":[{\"@type\":\"WebSite\",\"@id\":\"https:\/\/avazon.net\/site\/#website\",\"url\":\"https:\/\/avazon.net\/site\/\",\"name\":\"Avazon\",\"description\":\"Customizadora de Carros e Garagens\",\"potentialAction\":[{\"@type\":\"SearchAction\",\"target\":{\"@type\":\"EntryPoint\",\"urlTemplate\":\"https:\/\/avazon.net\/site\/?s={search_term_string}\"},\"query-input\":\"required name=search_term_string\"}],\"inLanguage\":\"pt-BR\"},{\"@type\":\"WebPage\",\"@id\":\"https:\/\/avazon.net\/site\/empresa\/\",\"url\":\"https:\/\/avazon.net\/site\/empresa\/\",\"name\":\"Empresa - Avazon\",\"isPartOf\":{\"@id\":\"https:\/\/avazon.net\/site\/#website\"},\"datePublished\":\"2015-06-11T16:37:33+00:00\",\"dateModified\":\"2015-09-23T19:29:54+00:00\",\"breadcrumb\":{\"@id\":\"https:\/\/avazon.net\/site\/empresa\/#breadcrumb\"},\"inLanguage\":\"pt-BR\",\"potentialAction\":[{\"@type\":\"ReadAction\",\"target\":[\"https:\/\/avazon.net\/site\/empresa\/\"]}]},{\"@type\":\"BreadcrumbList\",\"@id\":\"https:\/\/avazon.net\/site\/empresa\/#breadcrumb\",\"itemListElement\":[{\"@type\":\"ListItem\",\"position\":1,\"name\":\"In\u00edcio\",\"item\":\"https:\/\/avazon.net\/site\/\"},{\"@type\":\"ListItem\",\"position\":2,\"name\":\"Empresa\"}]}]}<\/script>\n<!-- \/ Yoast SEO plugin. -->","yoast_head_json":{"title":"Empresa - Avazon","robots":{"index":"index","follow":"follow","max-snippet":"max-snippet:-1","max-image-preview":"max-image-preview:large","max-video-preview":"max-video-preview:-1"},"canonical":"https:\/\/avazon.net\/site\/empresa\/","og_locale":"pt_BR","og_type":"article","og_title":"Empresa - Avazon","og_description":"AVAZON redesenha autos, pick-ups, jipes, m\u00f3veis e objetos, al\u00e9m de construir a garagem de seus sonhos! www.AVAZON.net N\u00f3s desenvolvemos e recriamos carros, pick ups, jipes e m\u00f3veis, pois acreditamos que nossos desejos devem se realizar. \u00c0s vezes, pequenos detalhes fazem toda a diferen\u00e7a. Curta e siga nossa p\u00e1gina. E nos chame para concretizar seu projeto, [&hellip;]","og_url":"https:\/\/avazon.net\/site\/empresa\/","og_site_name":"Avazon","article_modified_time":"2015-09-23T19:29:54+00:00","twitter_card":"summary","twitter_misc":{"Est. tempo de leitura":"1 minuto"},"schema":{"@context":"https:\/\/schema.org","@graph":[{"@type":"WebSite","@id":"https:\/\/avazon.net\/site\/#website","url":"https:\/\/avazon.net\/site\/","name":"Avazon","description":"Customizadora de Carros e Garagens","potentialAction":[{"@type":"SearchAction","target":{"@type":"EntryPoint","urlTemplate":"https:\/\/avazon.net\/site\/?s={search_term_string}"},"query-input":"required name=search_term_string"}],"inLanguage":"pt-BR"},{"@type":"WebPage","@id":"https:\/\/avazon.net\/site\/empresa\/","url":"https:\/\/avazon.net\/site\/empresa\/","name":"Empresa - Avazon","isPartOf":{"@id":"https:\/\/avazon.net\/site\/#website"},"datePublished":"2015-06-11T16:37:33+00:00","dateModified":"2015-09-23T19:29:54+00:00","breadcrumb":{"@id":"https:\/\/avazon.net\/site\/empresa\/#breadcrumb"},"inLanguage":"pt-BR","potentialAction":[{"@type":"ReadAction","target":["https:\/\/avazon.net\/site\/empresa\/"]}]},{"@type":"BreadcrumbList","@id":"https:\/\/avazon.net\/site\/empresa\/#breadcrumb","itemListElement":[{"@type":"ListItem","position":1,"name":"In\u00edcio","item":"https:\/\/avazon.net\/site\/"},{"@type":"ListItem","position":2,"name":"Empresa"}]}]}},"_links":{"self":[{"href":"https:\/\/avazon.net\/site\/wp-json\/wp\/v2\/pages\/5"}],"collection":[{"href":"https:\/\/avazon.net\/site\/wp-json\/wp\/v2\/pages"}],"about":[{"href":"https:\/\/avazon.net\/site\/wp-json\/wp\/v2\/types\/page"}],"author":[{"embeddable":true,"href":"https:\/\/avazon.net\/site\/wp-json\/wp\/v2\/users\/1"}],"replies":[{"embeddable":true,"href":"https:\/\/avazon.net\/site\/wp-json\/wp\/v2\/comments?post=5"}],"version-history":[{"count":8,"href":"https:\/\/avazon.net\/site\/wp-json\/wp\/v2\/pages\/5\/revisions"}],"predecessor-version":[{"id":981,"href":"https:\/\/avazon.net\/site\/wp-json\/wp\/v2\/pages\/5\/revisions\/981"}],"wp:attachment":[{"href":"https:\/\/avazon.net\/site\/wp-json\/wp\/v2\/media?parent=5"}],"curies":[{"name":"wp","href":"https:\/\/api.w.org\/{rel}","templated":true}]}}